9.
3
Calculate the highest common divisor of 53 and 848.
53
Calculate the highest common divisor of 4 and 86.
2
Calculate the highest common factor of 546 and 26.
26
What is the greatest common factor of 16 and 3528?
8
Calculate the highest common factor of 684 and 108.
36
What is the highest common divisor of 8 and 108?
4
Calculate the highest common factor of 1792 and 2464.
224
Calculate the greatest common factor of 7 and 56.
7
What is the greatest common divisor of 13440 and 120?
120
Calculate the greatest common factor of 200 and 1750.
50
Calculate the greatest common divisor of 123 and 9225.
123
What is the highest common factor of 913 and 581?
83
What is the highest common factor of 260 and 468?
52
Calculate the highest common factor of 3 and 81.
3
What is the highest common factor of 336 and 1596?
84
Calculate the highest common divisor of 37 and 4699.
37
What is the greatest common factor of 1036 and 28?
28
Calculate the greatest common divisor of 1309 and 77.
77
What is the highest common divisor of 15 and 20?
5
What is the greatest common divisor of 696 and 1160?
232
What is the greatest common divisor of 36 and 90?
18
What is the greatest common factor of 75 and 4800?
75
What is the greatest common divisor of 210 and 98?
14
What is the highest common divisor of 8 and 80?
8
Calculate the greatest common factor of 33 and 18843.
33
Calculate the greatest common divisor of 296 and 814.
74
Calculate the greatest common divisor of 336 and 294.
42
Calculate the highest common factor of 56 and 1064.
56
What is the highest common factor of 180 and 4860?
180
What is the highest common factor of 375 and 45?
15
What is the highest common divisor of 52 and 299?
13
What is the highest common factor of 1239 and 14?
7
Calculate the highest common factor of 68 and 80.
4
What is the highest common divisor of 91 and 2513?
7
Calculate the highest common factor of 44993 and 13.
13
What is the highest common factor of 14 and 343?
7
Calculate the greatest common factor of 931 and 9443.
133
What is the highest common divisor of 153 and 18?
9
What is the highest common divisor of 55 and 99?
11
Calculate the highest common factor of 3199 and 7.
7
Calculate the highest common factor of 555 and 111.
111
What is the greatest common divisor of 160 and 16480?
160
What is the highest common divisor of 12 and 72?
12
What is the greatest common factor of 143 and 403?
13
Calculate the highest common factor of 28 and 6454.
14
Calculate the greatest common factor of 340 and 236.
4
What is the greatest common factor of 92188 and 76?
76
Calculate the greatest common factor of 18207 and 126.
63
What is the greatest common divisor of 1264 and 711?
79
Calculate the highest common factor of 4730 and 1935.
215
What is the greatest common divisor of 6 and 768?
6
What is the greatest common divisor of 287 and 6437?
41
Calculate the greatest common factor of 18 and 20.
2
Calculate the greatest common factor of 191 and 3.
1
Calculate the highest common factor of 490 and 1225.
245
Calculate the greatest common factor of 100 and 8.
4
What is the greatest common divisor of 408 and 72828?
204
What is the highest common divisor of 1128 and 24?
24
Calculate the highest common divisor of 45 and 735.
15
Calculate the greatest common divisor of 6 and 6225.
3
What is the highest common factor of 100 and 25?
25
Calculate the highest common divisor of 736 and 208.
16
What is the highest common factor of 1425 and 3040?
95
What is the greatest common divisor of 312 and 48?
24
Calculate the highest common factor of 2672 and 48.
16
Calculate the highest common divisor of 1534 and 354.
118
Calculate the greatest common divisor of 4 and 94.
2
Calculate the highest common divisor of 21 and 147.
21
What is the greatest common factor of 182 and 3731?
91
What is the highest common divisor of 12996 and 180?
36
What is the greatest common factor of 38 and 86108?
38
Calculate the highest common divisor of 1065 and 45.
15
Calculate the greatest common divisor of 6604 and 78.
26
Calculate the greatest common factor of 232 and 24.
8
What is the greatest common divisor of 11388 and 78?
78
Calculate the greatest common divisor of 26 and 30095.
13
Calculate the greatest common factor of 34 and 289.
17
Calculate the highest common divisor of 98 and 42.
14
What is the greatest common divisor of 22 and 594?
22
What is the greatest common divisor of 126 and 28?
14
What is the greatest common factor of 1275 and 51?
51
What is the highest common divisor of 22 and 77?
11
Calculate the greatest common divisor of 285 and 15.
15
Calculate the highest common factor of 27 and 2673.
27
Calculate the greatest common factor of 183 and 244.
61
Calculate the highest common factor of 212 and 53.
53
Calculate the highest common factor of 31 and 1147.
31
Calculate the highest common divisor of 952 and 85.
17
What is the highest common divisor of 5 and 1255?
5
Calculate the greatest common divisor of 4930 and 68.
34
Calculate the greatest common factor of 243 and 189.
27
Calculate the highest common factor of 5 and 1385.
5
What is the highest common factor of 11 and 436?
1
Calculate the greatest common divisor of 70 and 308.
14
What is the greatest common factor of 66 and 14289?
33
Calculate the greatest common divisor of 2025 and 81.
81
What is the greatest common factor of 88120 and 10?
10
Calculate the highest common divisor of 201 and 14003.
67
Calculate the greatest common factor of 36 and 312.
12
What is the greatest common divisor of 54 and 2?
2
What is the highest common divisor of 56 and 648?
8
Calculate the highest common divisor of 2501 and 82.
41
What is the highest common factor of 2346 and 102?
102
What is the greatest common factor of 554 and 277?
277
What is the highest common divisor of 2294 and 518?
74
What is the highest common factor of 220 and 100?
20
Calculate the greatest common factor of 129 and 2064.
129
Calculate the highest common divisor of 4 and 836.
4
What is the greatest common factor of 47 and 799?
47
What is the highest common factor of 2595 and 15?
15
Calculate the greatest common divisor of 115 and 253.
23
Calculate the highest common divisor of 148 and 16.
4
What is the greatest common factor of 1260 and 15?
15
Calculate the highest common divisor of 13 and 13.
13
Calculate the greatest common factor of 240 and 45.
15
Calculate the highest common factor of 15070 and 44.
22
Calculate the greatest common divisor of 3 and 3.
3
Calculate the highest common factor of 486 and 5994.
162
Calculate the greatest common factor of 364 and 42.
14
Calculate the greatest common factor of 850 and 1190.
170
What is the highest common factor of 60 and 13080?
60
Calculate the highest common factor of 66 and 297.
33
Calculate the greatest common factor of 512 and 1312.
32
What is the greatest common factor of 22143 and 549?
183
Calculate the greatest common divisor of 64 and 15552.
64
What is the greatest common divisor of 805 and 736?
23
Calculate the highest common factor of 28 and 63.
7
What is the highest common divisor of 43 and 731?
43
What is the highest common factor of 112 and 4112?
16
What is the greatest common divisor of 42 and 12?
6
Calculate the highest common factor of 184 and 24.
8
What is the greatest common divisor of 322 and 532?
14
What is the greatest common factor of 7774 and 46?
46
Calculate the highest common divisor of 1771 and 322.
161
What is the highest common factor of 247 and 793?
13
What is the highest common factor of 7294 and 49?
7
Calculate the greatest common divisor of 18 and 88434.
18
What is the highest common divisor of 15 and 555?
15
What is the highest common factor of 36 and 102?
6
Calculate the highest common factor of 22 and 5786.
22
Calculate the highest common divisor of 148 and 851.
37
What is the highest common divisor of 10 and 3815?
5
Calculate the highest common divisor of 28 and 148.
4
Calculate the highest common factor of 1209 and 273.
39
Calculate the greatest common factor of 48 and 2328.
24
What is the highest common divisor of 399 and 114?
57
Calculate the highest common factor of 700 and 2200.
100
What is the greatest common factor of 562 and 6?
2
Calculate the highest common divisor of 286 and 208.
26
What is the greatest common factor of 1 and 53?
1